328?
8
What is the hundreds digit of 249013?
0
What is the hundreds digit of 241865?
8
What is the tens digit of 14524977?
7
What is the hundred thousands digit of 6134848?
1
What is the tens digit of 1440756?
5
What is the hundred thousands digit of 1517943?
5
What is the thousands digit of 610001?
0
What is the units digit of 167590?
0
What is the thousands digit of 35292916?
2
What is the hundred thousands digit of 153581?
1
What is the tens digit of 331580?
8
What is the millions digit of 2684951?
2
What is the hundred thousands digit of 8539374?
5
What is the hundred thousands digit of 15269452?
2
What is the ten thousands digit of 9654727?
5
What is the thousands digit of 9796858?
6
What is the hundred thousands digit of 4168469?
1
What is the tens digit of 1832485?
8
What is the thousands digit of 18056216?
6
What is the millions digit of 1643622?
1
What is the tens digit of 1797690?
9
What is the tens digit of 784787?
8
What is the tens digit of 1226148?
4
What is the millions digit of 6511139?
6
What is the hundred thousands digit of 1778405?
7
What is the units digit of 4268538?
8
What is the units digit of 1694750?
0
What is the units digit of 1288466?
6
What is the thousands digit of 359665?
9
What is the tens digit of 2749435?
3
What is the ten thousands digit of 989566?
8
What is the units digit of 1221001?
1
What is the thousands digit of 7715?
7
What is the thousands digit of 76031?
6
What is the hundreds digit of 87294?
2
What is the ten thousands digit of 342639?
4
What is the tens digit of 218540?
4
What is the thousands digit of 526572?
6
What is the hundred thousands digit of 9546723?
5
What is the millions digit of 3066727?
3
What is the hundreds digit of 12745?
7
What is the hundreds digit of 1433521?
5
What is the ten millions digit of 22256941?
2
What is the hundreds digit of 3271204?
2
What is the units digit of 3382424?
4
What is the units digit of 2149358?
8
What is the tens digit of 512938?
3
What is the hundreds digit of 92255?
2
What is the units digit of 135237?
7
What is the tens digit of 667426?
2
What is the ten millions digit of 18873230?
1
What is the thousands digit of 114889?
4
What is the thousands digit of 928682?
8
What is the hundred thousands digit of 889505?
8
What is the hundred thousands digit of 826323?
8
What is the ten thousands digit of 5820941?
2
What is the tens digit of 17132110?
1
What is the tens digit of 9276094?
9
What is the thousands digit of 13270096?
0
What is the hundred thousands digit of 125306?
1
What is the hundreds digit of 1775918?
9
What is the tens digit of 387977?
7
What is the ten thousands digit of 4165056?
6
What is the ten thousands digit of 19501?
1
What is the ten thousands digit of 16544751?
4
What is the hundreds digit of 11997106?
1
What is the hundreds digit of 1014990?
9
What is the tens digit of 534216?
1
What is the hundreds digit of 6067572?
5
What is the units digit of 4222585?
5
What is the tens digit of 16897585?
8
What is the units digit of 1244795?
5
What is the tens digit of 2679873?
7
What is the tens digit of 3935124?
2
What is the ten thousands digit of 892144?
9
What is the hundred thousands digit of 348849?
3
What is the units digit of 1617322?
2
What is the hundreds digit of 718486?
4
What is the hundred thousands digit of 390641?
3
What is the thousands digit of 1583945?
3
What is the thousands digit of 726304?
6
What is the thousands digit of 12934188?
4
What is the tens digit of 670436?
3
What is the thousands digit of 3423985?
3
What is the units digit of 144413?
3
What is the units digit of 452037?
7
What is the ten thousands digit of 2523556?
2
What is the ten thousands digit of 785119?
8
What is the hundreds digit of 549986?
9
What is the ten millions digit of 11275910?
1
What is the units digit of 406924?
4
What is the ten thousands digit of 161107?
6
What is the tens digit of 7852?
5
What is the hundred thousands digit of 867685?
8
What is the millions digit of 1414529?
1
What is the ten thousands digit of 151431?
5
What is the hundred thousands digit of 6212291?
2
What is the tens digit of 830449?
4
What is the thousands digit of 393950?
3
What is the thousands digit of 7004667?
4
What is the thousands digit of 393070?
3
What is the hundreds digit of 104593?
5
What is the ten thousands digit of 1182767?
8
What is the thousands digit of 185140?
5
What is the ten thousands digit of 231325?
3
What is the tens digit of 7656264?
6
What is the millions digit of 2879117?
2
What is the thousands digit of 4735505?
5
What is the hundred thousands digit of 5376947?
3
What is the tens digit of 4005812?
1
What is the units digit of 11603953?
3
What is the hundreds digit of 4345539?
5
What is the tens digit of 607572?
7
What is the ten thousands digit of 10608?
1
What is the thousands digit of 8529077?
9
What is the units digit of 794155?
5
What is the thousands digit of 7562740?
2
What is the hundreds digit of 260292?
2
What is the tens digit of 1509463?
6
What is the hundreds digit of 25893?
8
What is the millions digit of 4144759?
4
What is the tens digit of 44260?
6
What is the hundreds digit of 1001179?
1
What is the ten thousands digit of 3636797?
3
What is the hundreds digit of 360353?
3
What is the hundred thousands digit of 352971?
3
What is the hundreds digit of 1163919?
9
What is the tens digit of 1760679?
7
What is the tens digit of 10870268?
6
What is the ten thousands digit of 3641133?
4
What is the hundred thousands digit of 192428?
1
What is the millions digit of 9924837?
9
What is the ten thousands digit of 323816?
2
What is the hundreds digit of 205212?
2
What is the millions digit of 1624196?
1
What is the hundreds digit of 144122?
1
What is the thousands digit of 607781?
7
What is the hundred thousands digit of 1620257?
6
What is the thousands digit of 3431788?
1
What is the ten thousands digit of 5259249?
5
What is the hundred thousands digit of 9777749?
7
What is the tens digit of 57264?
6
What is the hundreds digit of 17553939?
9
What is the ten thousands digit of 200670?
0
What is the thousands digit of 282790?
2
What is the millions digit of 31856840?
1
What is the ten thousands digit of 992632?
9
What is the tens digit of 3429578?
7
What is the hundreds digit of 650282?
2
What is the thousands digit of 3875184?
5
What is the thousands digit of 2699125?
9
What is the tens digit of 9097917?
1
What is the ten thousands digit of 74770?
7
What is the thousands digit of 193123?
3
What is the thousands digit of 8521024?
1
What is the tens digit of 6523688?
8
What is the tens digit of 93045?
4
What is the hundreds digit of 606083?
0
What is the thousands digit of 307707?
7
What is the tens digit of 4033689?
8
What is the units digit of 32252?
2
What is the thousands digit of 1410846?
0
What is the units digit of 2856478?
8
What is the ten thousands digit of 3607686?
0
What is the hundred thousands digit of 879882?
8
What is the thousands digit of 10190831?
0
What is the hundreds digit of 14880621?
6
What is the hundreds digit of 830993?
9
What is the tens digit of 302489?
8
What is the thousands digit of 383976?
3
What is the ten thousands digit of 296925?
9
What is the hundred thousands digit of 570383?
5
What is the ten thousands digit of 9258456?
5
What is the hundreds digit of 18084?
0
What is the hundreds digit of 1671368?
3
What is the units digit of 1917293?
3
What is the units digit of 5224026?
6
What is the units digit of 2190855?
5
What is the ten thousands digit of 4979275?
7
What is the tens digit of 1949060?
6
What is the hundred thousands digit of 480182?
4
What is the thousands digit of 275514?
5
What is the millions digit of 12921963?
2
What is the hundred thousands digit of 3512010?
5
What is the ten thousands digit of 119367?
1
What is the hundreds digit of 214873?
8
What is the ten thousands digit of 1563635?
6
What is the ten thousands digit of 1280613?
8
What is the hundred thousands digit of 22478455?
4
What is the hundreds digit of 107444?
4
What is the hundred thousands digit of 6140807?
1
What is the thousands digit of 215345?
5
What is the tens digit of 406173?
7
What is the tens digit of 474361?
6
What is the thousands digit of 747742?
7
What is the hundred thousands digit of 3154103?
1
What is the ten